{"id":323,"date":"2024-05-13T12:36:36","date_gmt":"2024-05-13T10:36:36","guid":{"rendered":"https:\/\/lespiedsdansleplateau.fr\/?page_id=323"},"modified":"2025-06-25T22:07:57","modified_gmt":"2025-06-25T20:07:57","slug":"contacts","status":"publish","type":"page","link":"https:\/\/lespiedsdansleplateau.fr\/index.php\/contacts\/","title":{"rendered":"zzz Contacts"},"content":{"rendered":"\n<p>pour contacter l&rsquo;\u00e9quipe des pieds dans le plateau, \u00e9crivez \u00e0 l&rsquo;adresse \u00a0<a href=\"x-webdoc:\/\/EE505329-2055-47C3-BB5D-8D80AEF8CA4C\/lespiedsdansleplateau@riseup.net\">lespiedsdansleplateau@riseup.net<\/a><\/p>\n\n\n\n<p>pour vous inscrire \u00e0 la newsletter rendez-vous sur <a href=\"https:\/\/framalistes.org\/sympa\/sigrequest\/bugey_radio_libre\">https:\/\/framalistes.org\/sympa\/sigrequest\/bugey_radio_libre<\/a><\/p>\n","protected":false},"excerpt":{"rendered":"<p>pour contacter l&rsquo;\u00e9quipe des pieds dans le plateau, \u00e9crivez \u00e0 l&rsquo;adresse \u00a0lespiedsdansleplateau@riseup.net pour vous inscrire \u00e0 la newsletter rendez-vous sur https:\/\/framalistes.org\/sympa\/sigrequest\/bugey_radio_libre<\/p>\n","protected":false},"author":1,"featured_media":0,"parent":0,"menu_order":0,"comment_status":"closed","ping_status":"closed","template":"","meta":{"footnotes":""},"class_list":["post-323","page","type-page","status-publish","hentry"],"_links":{"self":[{"href":"https:\/\/lespiedsdansleplateau.fr\/index.php\/wp-json\/wp\/v2\/pages\/323","targetHints":{"allow":["GET"]}}],"collection":[{"href":"https:\/\/lespiedsdansleplateau.fr\/index.php\/wp-json\/wp\/v2\/pages"}],"about":[{"href":"https:\/\/lespiedsdansleplateau.fr\/index.php\/wp-json\/wp\/v2\/types\/page"}],"author":[{"embeddable":true,"href":"https:\/\/lespiedsdansleplateau.fr\/index.php\/wp-json\/wp\/v2\/users\/1"}],"replies":[{"embeddable":true,"href":"https:\/\/lespiedsdansleplateau.fr\/index.php\/wp-json\/wp\/v2\/comments?post=323"}],"version-history":[{"count":2,"href":"https:\/\/lespiedsdansleplateau.fr\/index.php\/wp-json\/wp\/v2\/pages\/323\/revisions"}],"predecessor-version":[{"id":647,"href":"https:\/\/lespiedsdansleplateau.fr\/index.php\/wp-json\/wp\/v2\/pages\/323\/revisions\/647"}],"wp:attachment":[{"href":"https:\/\/lespiedsdansleplateau.fr\/index.php\/wp-json\/wp\/v2\/media?parent=323"}],"curies":[{"name":"wp","href":"https:\/\/api.w.org\/{rel}","templated":true}]}}