{"id":764,"date":"2025-12-16T14:33:56","date_gmt":"2025-12-16T13:33:56","guid":{"rendered":"https:\/\/lespiedsdansleplateau.fr\/?page_id=764"},"modified":"2025-12-16T14:33:56","modified_gmt":"2025-12-16T13:33:56","slug":"vivre-la-musique","status":"publish","type":"page","link":"https:\/\/lespiedsdansleplateau.fr\/index.php\/vivre-la-musique\/","title":{"rendered":"Vivre la musique"},"content":{"rendered":"\t\t\t<style type=\"text\/css\"><\/style>\n\t\t\t<div id=\"pp-podcast-4703\" class=\"pp-podcast has-header header-hidden has-featured playerview media-audio\"  data-teaser=\"\" data-elength=\"18\" data-eunit=\"\" data-ppsdata=\"{&quot;ppe-4703-1&quot;:{&quot;title&quot;:&quot;Vivre la musique #2&quot;,&quot;description&quot;:&quot;&lt;p&gt;Deuxi\\u00e8me \\u00e9pisode de l&rsquo;\\u00e9mission \\u00ab\\u00a0Vivre la musique\\u00a0\\u00bb&lt;\\\/p&gt;\\n&quot;,&quot;author&quot;:&quot;Les pieds dans le plateau&quot;,&quot;date&quot;:&quot;14 janvier 2024&quot;,&quot;link&quot;:&quot;https:\\\/\\\/audioblog.arteradio.com\\\/blog\\\/196960\\\/podcast\\\/219343&quot;,&quot;src&quot;:&quot;https:\\\/\\\/sons-audioblogs.arte.tv\\\/audioblogs\\\/v2\\\/sons\\\/196960\\\/219343\\\/podcast_219343_iGgBo.mp3&quot;,&quot;featured&quot;:&quot;https:\\\/\\\/lespiedsdansleplateau.fr\\\/wp-content\\\/uploads\\\/2025\\\/12\\\/origin_219343_33yPl.jpeg&quot;,&quot;featured_id&quot;:766,&quot;mediatype&quot;:&quot;audio&quot;,&quot;season&quot;:0,&quot;categories&quot;:[],&quot;duration&quot;:&quot;21:30&quot;,&quot;episodetype&quot;:&quot;full&quot;,&quot;timestamp&quot;:1705247176,&quot;key&quot;:&quot;9b8f86d3b92351115cfe7df87bbe4e4a&quot;,&quot;fset&quot;:&quot;https:\\\/\\\/lespiedsdansleplateau.fr\\\/wp-content\\\/uploads\\\/2025\\\/12\\\/origin_219343_33yPl.jpeg 474w, https:\\\/\\\/lespiedsdansleplateau.fr\\\/wp-content\\\/uploads\\\/2025\\\/12\\\/origin_219343_33yPl-300x200.jpeg 300w&quot;,&quot;fratio&quot;:0.6666666666666666},&quot;ppe-4703-2&quot;:{&quot;title&quot;:&quot;Vivre la musique #1&quot;,&quot;description&quot;:&quot;&lt;p&gt;Benjamin nous propose de d\\u00e9couvrir trois cr\\u00e9ations musicales r\\u00e9centes.Vous pouvez retrouver les morceaux propos\\u00e9s aujourd&rsquo;hui sur la cha\\u00eene YouTube 432 Hz Social ClubTalking Drums &#8211; Other World [https:\\\/\\\/youtu.be\\\/FrO_pfQbN8Q]Jaakko Eino Kalevi &amp; Nabihah Iqbal &#8211; NAB  [https:\\\/\\\/youtu.be\\\/gYYpyzBxdG8]Brandski &#8211; Everest&rsquo;s Theme [https:\\\/\\\/youtu.be\\\/yjyo8YsMNTc]&lt;\\\/p&gt;\\n&quot;,&quot;author&quot;:&quot;Les pieds dans le plateau&quot;,&quot;date&quot;:&quot;6 juin 2023&quot;,&quot;link&quot;:&quot;https:\\\/\\\/audioblog.arteradio.com\\\/blog\\\/196960\\\/podcast\\\/206512&quot;,&quot;src&quot;:&quot;https:\\\/\\\/sons-audioblogs.arte.tv\\\/audioblogs\\\/v2\\\/sons\\\/196960\\\/206512\\\/podcast_206512_p0gBx.mp3&quot;,&quot;featured&quot;:&quot;https:\\\/\\\/sons-audioblogs.arte.tv\\\/audioblogs\\\/v2\\\/sons\\\/196960\\\/206512\\\/origin_206512_jF2Zi.jpeg&quot;,&quot;featured_id&quot;:0,&quot;mediatype&quot;:&quot;audio&quot;,&quot;season&quot;:0,&quot;categories&quot;:[],&quot;duration&quot;:&quot;22:14&quot;,&quot;episodetype&quot;:&quot;full&quot;,&quot;timestamp&quot;:1686036262,&quot;key&quot;:&quot;ae0d2bbbeb3aec5f48f4d40b944aa9d7&quot;,&quot;fset&quot;:&quot;&quot;,&quot;fratio&quot;:1},&quot;load_info&quot;:{&quot;loaded&quot;:2,&quot;displayed&quot;:10,&quot;offset&quot;:0,&quot;maxItems&quot;:2,&quot;src&quot;:&quot;d7c8cb3190147f282d8c01e1cee58f3d&quot;,&quot;step&quot;:10,&quot;sortby&quot;:&quot;sort_date_desc&quot;,&quot;filterby&quot;:&quot;vivre la musique&quot;,&quot;fixed&quot;:&quot;&quot;,&quot;args&quot;:{&quot;imgurl&quot;:&quot;https:\\\/\\\/back-audioblog.arteradio.com\\\/sites\\\/default\\\/files\\\/pictures\\\/origin_196960_g5wBj.jpg&quot;,&quot;imgset&quot;:&quot;&quot;,&quot;display&quot;:&quot;&quot;,&quot;hddesc&quot;:0,&quot;hdfeat&quot;:0,&quot;oricov&quot;:&quot;https:\\\/\\\/back-audioblog.arteradio.com\\\/sites\\\/default\\\/files\\\/pictures\\\/origin_196960_g5wBj.jpg&quot;,&quot;elength&quot;:18}},&quot;rdata&quot;:{&quot;permalink&quot;:&quot;https:\\\/\\\/lespiedsdansleplateau.fr\\\/wp-json\\\/wp\\\/v2\\\/pages\\\/764&quot;,&quot;fprint&quot;:&quot;d7c8cb3190147f282d8c01e1cee58f3d&quot;,&quot;from&quot;:&quot;feedurl&quot;,&quot;elen&quot;:18,&quot;eunit&quot;:&quot;&quot;,&quot;teaser&quot;:&quot;&quot;,&quot;title&quot;:&quot;Les pieds dans le plateau&quot;,&quot;autoplay&quot;:&quot;autoplay&quot;}}\"><div class=\"pp-podcast__wrapper\"><div class=\"pp-podcast__info pod-info\"><div class=\"pod-info__header pod-header\"><div class=\"pod-header__image\"><div class=\"pod-header__image-wrapper\"><img decoding=\"async\" class=\"podcast-cover-image\" src=\"https:\/\/back-audioblog.arteradio.com\/sites\/default\/files\/pictures\/origin_196960_g5wBj.jpg\" srcset=\"\" sizes=\"(max-width: 640px) 100vw, 25vw\" alt=\"Les pieds dans le plateau\"><\/div><span class=\"pod-header__image-style\" style=\"display: block; width: 100%; padding-top: 100%\"><\/div><div class=\"pod-header__items pod-items\"><div class=\"pod-items__title\">Les pieds dans le plateau<\/div><div class=\"pod-items__desc\"><p>Et si on faisait de la radio ?Une vingtaine de personnes ont d\u00e9cid\u00e9 de cr\u00e9er une radio associative et libre dans le Bugey. Suivez leurs p\u00e9r\u00e9grinations radiophoniques !<\/p>\n<\/div><\/div><\/div><\/div><div class=\"pp-podcast__content pod-content\"><div class=\"pp-podcast__single\"><div class=\"pp-podcast__player\"><div class=\"pp-player-episode\"><audio id=\"pp-podcast-4703-player\" preload=\"none\" class=\"pp-podcast-episode\" style=\"width: 100%;\" controls=\"controls\"><source type=\"audio\/mpeg\" src=\"https:\/\/sons-audioblogs.arte.tv\/audioblogs\/v2\/sons\/196960\/219343\/podcast_219343_iGgBo.mp3\" \/><\/audio><\/div><\/div><div class=\"pod-content__episode episode-single\"><button class=\"episode-single__close\" aria-expanded=\"false\" aria-label=\"Close Single Episode\"><span class=\"btn-icon-wrap\"><svg class=\"icon icon-pp-x\" aria-hidden=\"true\" role=\"img\" focusable=\"false\"><use href=\"#icon-pp-x\" xlink:href=\"#icon-pp-x\"><\/use><\/svg><\/span><\/button><div class=\"episode-single__wrapper\"><div class=\"episode-single__header\"><div class=\"episode-single__title\">Vivre la musique #2<\/div><div class=\"episode-single__author\"><span class=\"byname\">by<\/span><span class=\"single-author\">Les pieds dans le plateau<\/span><\/div><\/div><div class=\"episode-single__description\"><p>Deuxi\u00e8me \u00e9pisode de l&rsquo;\u00e9mission \u00ab\u00a0Vivre la musique\u00a0\u00bb<\/p><\/div><\/div><div class=\"ppjs__img-wrapper \"><div class=\"ppjs__img-btn-cover\"><img decoding=\"async\" class=\"ppjs__img-btn\" src=\"https:\/\/lespiedsdansleplateau.fr\/wp-content\/uploads\/2025\/12\/origin_219343_33yPl.jpeg\" srcset=\"https:\/\/lespiedsdansleplateau.fr\/wp-content\/uploads\/2025\/12\/origin_219343_33yPl.jpeg 474w, https:\/\/lespiedsdansleplateau.fr\/wp-content\/uploads\/2025\/12\/origin_219343_33yPl-300x200.jpeg 300w\" sizes=\"(max-width: 640px) 100vw, 300px\" alt=\"Vivre la musique #2\"><\/div><div><span class=\"ppjs__img-btn-style\" style=\"display: block; width: 100%; padding-top: 66.666666666667%\"><\/div><\/div><\/div><\/div><div class=\"pod-content__list episode-list\"><div class=\"episode-list__filters\"><div class=\"episode-list__search\"><label class=\"label-episode-search\"><span class=\"ppjs__offscreen\">Search Episodes<\/span><input type=\"text\" placeholder=\"Search Episodes\" title=\"Search Podcast Episodes\"\/><\/label><span class=\"episode-list__search-icon\"><svg class=\"icon icon-pp-search\" aria-hidden=\"true\" role=\"img\" focusable=\"false\"><use href=\"#icon-pp-search\" xlink:href=\"#icon-pp-search\"><\/use><\/svg><\/span><\/div><button class=\"episode-list__clear-search pod-button\"><svg class=\"icon icon-pp-x\" aria-hidden=\"true\" role=\"img\" focusable=\"false\"><use href=\"#icon-pp-x\" xlink:href=\"#icon-pp-x\"><\/use><\/svg><span class=\"ppjs__offscreen\">Clear Search<\/span><\/button><\/div><div class=\"episode-list__wrapper\">\n<div id=\"ppe-4703-1\" class=\"episode-list__entry pod-entry\" data-search-term=\"vivre la musique #2\" data-cats=\"\">\n\t<div class=\"pod-entry__wrapper\">\n\t\t<div class=\"pod-entry__content\">\n\t\t\t<div class=\"pod-entry__title\">\n\t\t\t\t<a href=\"https:\/\/audioblog.arteradio.com\/blog\/196960\/podcast\/219343\">Vivre la musique #2<\/a>\n\t\t\t<\/div>\n\t\t\t<div class=\"pod-entry__date\">14 janvier 2024<\/div>\n\t\t\t\t\t\t\t<div class=\"pod-entry__author\">Les pieds dans le plateau<\/div>\n\t\t\t\t\t<\/div>\n\t<\/div>\n<\/div>\n\n<div id=\"ppe-4703-2\" class=\"episode-list__entry pod-entry\" data-search-term=\"vivre la musique #1\" data-cats=\"\">\n\t<div class=\"pod-entry__wrapper\">\n\t\t<div class=\"pod-entry__content\">\n\t\t\t<div class=\"pod-entry__title\">\n\t\t\t\t<a href=\"https:\/\/audioblog.arteradio.com\/blog\/196960\/podcast\/206512\">Vivre la musique #1<\/a>\n\t\t\t<\/div>\n\t\t\t<div class=\"pod-entry__date\">6 juin 2023<\/div>\n\t\t\t\t\t\t\t<div class=\"pod-entry__author\">Les pieds dans le plateau<\/div>\n\t\t\t\t\t<\/div>\n\t<\/div>\n<\/div>\n<div class=\"episode-list__search-results episode-search\"><span class=\"ppjs__offscreen\">Search Results placeholder<\/span><\/div><\/div><\/div><div class=\"ppjs__list-reveal\"><div class=\"ppjs__button\"><button class=\"pp-prev-btn\"><span class=\"ppjs__offscreen\">Previous Episode<\/span><span class=\"btn-icon-wrap\"><svg class=\"icon icon-pp-previous\" aria-hidden=\"true\" role=\"img\" focusable=\"false\"><use href=\"#icon-pp-previous\" xlink:href=\"#icon-pp-previous\"><\/use><\/svg><\/span><\/button><\/div><div class=\"ppjs__button\"><button class=\"pp-list-btn\"><span class=\"ppjs__offscreen\">Show Episodes List<\/span><span class=\"btn-icon-wrap\"><svg class=\"icon icon-pp-show-list\" aria-hidden=\"true\" role=\"img\" focusable=\"false\"><use href=\"#icon-pp-show-list\" xlink:href=\"#icon-pp-show-list\"><\/use><\/svg><svg class=\"icon icon-pp-hide-list\" aria-hidden=\"true\" role=\"img\" focusable=\"false\"><use href=\"#icon-pp-hide-list\" xlink:href=\"#icon-pp-hide-list\"><\/use><\/svg><\/span><\/button><\/div><div class=\"ppjs__button\"><button class=\"pp-next-btn\"><span class=\"ppjs__offscreen\">Next Episode<\/span><span class=\"btn-icon-wrap\"><svg class=\"icon icon-pp-next\" aria-hidden=\"true\" role=\"img\" focusable=\"false\"><use href=\"#icon-pp-next\" xlink:href=\"#icon-pp-next\"><\/use><\/svg><\/span><\/button><\/div><\/div><\/div><\/div><div class=\"pod-content__launcher pod-launch\"><button class=\"pod-launch__button pod-launch__info pod-button\" aria-expanded=\"false\"><span class=\"ppjs__offscreen\">Show Podcast Information<\/span><span class=\"btn-icon-wrap\"><svg class=\"icon icon-pp-podcast\" aria-hidden=\"true\" role=\"img\" focusable=\"false\"><use href=\"#icon-pp-podcast\" xlink:href=\"#icon-pp-podcast\"><\/use><\/svg><svg class=\"icon icon-pp-x\" aria-hidden=\"true\" role=\"img\" focusable=\"false\"><use href=\"#icon-pp-x\" xlink:href=\"#icon-pp-x\"><\/use><\/svg><\/span><\/button><\/div><\/div>\n","protected":false},"excerpt":{"rendered":"","protected":false},"author":1,"featured_media":0,"parent":0,"menu_order":0,"comment_status":"closed","ping_status":"closed","template":"","meta":{"footnotes":""},"class_list":["post-764","page","type-page","status-publish","hentry"],"_links":{"self":[{"href":"https:\/\/lespiedsdansleplateau.fr\/index.php\/wp-json\/wp\/v2\/pages\/764","targetHints":{"allow":["GET"]}}],"collection":[{"href":"https:\/\/lespiedsdansleplateau.fr\/index.php\/wp-json\/wp\/v2\/pages"}],"about":[{"href":"https:\/\/lespiedsdansleplateau.fr\/index.php\/wp-json\/wp\/v2\/types\/page"}],"author":[{"embeddable":true,"href":"https:\/\/lespiedsdansleplateau.fr\/index.php\/wp-json\/wp\/v2\/users\/1"}],"replies":[{"embeddable":true,"href":"https:\/\/lespiedsdansleplateau.fr\/index.php\/wp-json\/wp\/v2\/comments?post=764"}],"version-history":[{"count":2,"href":"https:\/\/lespiedsdansleplateau.fr\/index.php\/wp-json\/wp\/v2\/pages\/764\/revisions"}],"predecessor-version":[{"id":767,"href":"https:\/\/lespiedsdansleplateau.fr\/index.php\/wp-json\/wp\/v2\/pages\/764\/revisions\/767"}],"wp:attachment":[{"href":"https:\/\/lespiedsdansleplateau.fr\/index.php\/wp-json\/wp\/v2\/media?parent=764"}],"curies":[{"name":"wp","href":"https:\/\/api.w.org\/{rel}","templated":true}]}}

<style type="text/css"></style>
			<div id="pp-podcast-4703" class="pp-podcast has-header header-hidden has-featured playerview media-audio"  data-teaser="" data-elength="18" data-eunit="" data-ppsdata="{&quot;ppe-4703-1&quot;:{&quot;title&quot;:&quot;Vivre la musique #2&quot;,&quot;description&quot;:&quot;&lt;p&gt;Deuxi\u00e8me \u00e9pisode de l&rsquo;\u00e9mission \u00ab\u00a0Vivre la musique\u00a0\u00bb&lt;\/p&gt;\n&quot;,&quot;author&quot;:&quot;Les pieds dans le plateau&quot;,&quot;date&quot;:&quot;14 janvier 2024&quot;,&quot;link&quot;:&quot;https:\/\/audioblog.arteradio.com\/blog\/196960\/podcast\/219343&quot;,&quot;src&quot;:&quot;https:\/\/sons-audioblogs.arte.tv\/audioblogs\/v2\/sons\/196960\/219343\/podcast_219343_iGgBo.mp3&quot;,&quot;featured&quot;:&quot;https:\/\/lespiedsdansleplateau.fr\/wp-content\/uploads\/2025\/12\/origin_219343_33yPl.jpeg&quot;,&quot;featured_id&quot;:766,&quot;mediatype&quot;:&quot;audio&quot;,&quot;season&quot;:0,&quot;categories&quot;:[],&quot;duration&quot;:&quot;21:30&quot;,&quot;episodetype&quot;:&quot;full&quot;,&quot;timestamp&quot;:1705247176,&quot;key&quot;:&quot;9b8f86d3b92351115cfe7df87bbe4e4a&quot;,&quot;fset&quot;:&quot;https:\/\/lespiedsdansleplateau.fr\/wp-content\/uploads\/2025\/12\/origin_219343_33yPl.jpeg 474w, https:\/\/lespiedsdansleplateau.fr\/wp-content\/uploads\/2025\/12\/origin_219343_33yPl-300x200.jpeg 300w&quot;,&quot;fratio&quot;:0.6666666666666666},&quot;ppe-4703-2&quot;:{&quot;title&quot;:&quot;Vivre la musique #1&quot;,&quot;description&quot;:&quot;&lt;p&gt;Benjamin nous propose de d\u00e9couvrir trois cr\u00e9ations musicales r\u00e9centes.Vous pouvez retrouver les morceaux propos\u00e9s aujourd&rsquo;hui sur la cha\u00eene YouTube 432 Hz Social ClubTalking Drums &#8211; Other World [https:\/\/youtu.be\/FrO_pfQbN8Q]Jaakko Eino Kalevi &amp; Nabihah Iqbal &#8211; NAB  [https:\/\/youtu.be\/gYYpyzBxdG8]Brandski &#8211; Everest&rsquo;s Theme [https:\/\/youtu.be\/yjyo8YsMNTc]&lt;\/p&gt;\n&quot;,&quot;author&quot;:&quot;Les pieds dans le plateau&quot;,&quot;date&quot;:&quot;6 juin 2023&quot;,&quot;link&quot;:&quot;https:\/\/audioblog.arteradio.com\/blog\/196960\/podcast\/206512&quot;,&quot;src&quot;:&quot;https:\/\/sons-audioblogs.arte.tv\/audioblogs\/v2\/sons\/196960\/206512\/podcast_206512_p0gBx.mp3&quot;,&quot;featured&quot;:&quot;https:\/\/sons-audioblogs.arte.tv\/audioblogs\/v2\/sons\/196960\/206512\/origin_206512_jF2Zi.jpeg&quot;,&quot;featured_id&quot;:0,&quot;mediatype&quot;:&quot;audio&quot;,&quot;season&quot;:0,&quot;categories&quot;:[],&quot;duration&quot;:&quot;22:14&quot;,&quot;episodetype&quot;:&quot;full&quot;,&quot;timestamp&quot;:1686036262,&quot;key&quot;:&quot;ae0d2bbbeb3aec5f48f4d40b944aa9d7&quot;,&quot;fset&quot;:&quot;&quot;,&quot;fratio&quot;:1},&quot;load_info&quot;:{&quot;loaded&quot;:2,&quot;displayed&quot;:10,&quot;offset&quot;:0,&quot;maxItems&quot;:2,&quot;src&quot;:&quot;d7c8cb3190147f282d8c01e1cee58f3d&quot;,&quot;step&quot;:10,&quot;sortby&quot;:&quot;sort_date_desc&quot;,&quot;filterby&quot;:&quot;vivre la musique&quot;,&quot;fixed&quot;:&quot;&quot;,&quot;args&quot;:{&quot;imgurl&quot;:&quot;https:\/\/back-audioblog.arteradio.com\/sites\/default\/files\/pictures\/origin_196960_g5wBj.jpg&quot;,&quot;imgset&quot;:&quot;&quot;,&quot;display&quot;:&quot;&quot;,&quot;hddesc&quot;:0,&quot;hdfeat&quot;:0,&quot;oricov&quot;:&quot;https:\/\/back-audioblog.arteradio.com\/sites\/default\/files\/pictures\/origin_196960_g5wBj.jpg&quot;,&quot;elength&quot;:18}},&quot;rdata&quot;:{&quot;permalink&quot;:&quot;https:\/\/lespiedsdansleplateau.fr\/wp-json\/wp\/v2\/pages\/764&quot;,&quot;fprint&quot;:&quot;d7c8cb3190147f282d8c01e1cee58f3d&quot;,&quot;from&quot;:&quot;feedurl&quot;,&quot;elen&quot;:18,&quot;eunit&quot;:&quot;&quot;,&quot;teaser&quot;:&quot;&quot;,&quot;title&quot;:&quot;Les pieds dans le plateau&quot;,&quot;autoplay&quot;:&quot;autoplay&quot;}}"><div class="pp-podcast__wrapper"><div class="pp-podcast__info pod-info"><div class="pod-info__header pod-header"><div class="pod-header__image"><div class="pod-header__image-wrapper"><img decoding="async" class="podcast-cover-image" src="https://back-audioblog.arteradio.com/sites/default/files/pictures/origin_196960_g5wBj.jpg" srcset="" sizes="(max-width: 640px) 100vw, 25vw" alt="Les pieds dans le plateau"></div><span class="pod-header__image-style" style="display: block; width: 100%; padding-top: 100%"></div><div class="pod-header__items pod-items"><div class="pod-items__title">Les pieds dans le plateau</div><div class="pod-items__desc"><p>Et si on faisait de la radio ?Une vingtaine de personnes ont décidé de créer une radio associative et libre dans le Bugey. Suivez leurs pérégrinations radiophoniques !</p>
</div></div></div></div><div class="pp-podcast__content pod-content"><div class="pp-podcast__single"><div class="pp-podcast__player"><div class="pp-player-episode"><audio id="pp-podcast-4703-player" preload="none" class="pp-podcast-episode" style="width: 100%;" controls="controls"><source type="audio/mpeg" src="https://sons-audioblogs.arte.tv/audioblogs/v2/sons/196960/219343/podcast_219343_iGgBo.mp3" /></audio></div></div><div class="pod-content__episode episode-single"><button class="episode-single__close" aria-expanded="false" aria-label="Close Single Episode"><span class="btn-icon-wrap"><svg class="icon icon-pp-x" aria-hidden="true" role="img" focusable="false"><use href="#icon-pp-x" xlink:href="#icon-pp-x"></use></svg></span></button><div class="episode-single__wrapper"><div class="episode-single__header"><div class="episode-single__title">Vivre la musique #2</div><div class="episode-single__author"><span class="byname">by</span><span class="single-author">Les pieds dans le plateau</span></div></div><div class="episode-single__description"><p>Deuxième épisode de l&rsquo;émission « Vivre la musique »</p></div></div><div class="ppjs__img-wrapper "><div class="ppjs__img-btn-cover"><img decoding="async" class="ppjs__img-btn" src="https://lespiedsdansleplateau.fr/wp-content/uploads/2025/12/origin_219343_33yPl.jpeg" srcset="https://lespiedsdansleplateau.fr/wp-content/uploads/2025/12/origin_219343_33yPl.jpeg 474w, https://lespiedsdansleplateau.fr/wp-content/uploads/2025/12/origin_219343_33yPl-300x200.jpeg 300w" sizes="(max-width: 640px) 100vw, 300px" alt="Vivre la musique #2"></div><div><span class="ppjs__img-btn-style" style="display: block; width: 100%; padding-top: 66.666666666667%"></div></div></div></div><div class="pod-content__list episode-list"><div class="episode-list__filters"><div class="episode-list__search"><label class="label-episode-search"><span class="ppjs__offscreen">Search Episodes</span><input type="text" placeholder="Search Episodes" title="Search Podcast Episodes"/></label><span class="episode-list__search-icon"><svg class="icon icon-pp-search" aria-hidden="true" role="img" focusable="false"><use href="#icon-pp-search" xlink:href="#icon-pp-search"></use></svg></span></div><button class="episode-list__clear-search pod-button"><svg class="icon icon-pp-x" aria-hidden="true" role="img" focusable="false"><use href="#icon-pp-x" xlink:href="#icon-pp-x"></use></svg><span class="ppjs__offscreen">Clear Search</span></button></div><div class="episode-list__wrapper">
<div id="ppe-4703-1" class="episode-list__entry pod-entry" data-search-term="vivre la musique #2" data-cats="">
	<div class="pod-entry__wrapper">
		<div class="pod-entry__content">
			<div class="pod-entry__title">
				<a href="https://audioblog.arteradio.com/blog/196960/podcast/219343">Vivre la musique #2</a>
			</div>
			<div class="pod-entry__date">14 janvier 2024</div>
							<div class="pod-entry__author">Les pieds dans le plateau</div>
					</div>
	</div>
</div>

<div id="ppe-4703-2" class="episode-list__entry pod-entry" data-search-term="vivre la musique #1" data-cats="">
	<div class="pod-entry__wrapper">
		<div class="pod-entry__content">
			<div class="pod-entry__title">
				<a href="https://audioblog.arteradio.com/blog/196960/podcast/206512">Vivre la musique #1</a>
			</div>
			<div class="pod-entry__date">6 juin 2023</div>
							<div class="pod-entry__author">Les pieds dans le plateau</div>
					</div>
	</div>
</div>
<div class="episode-list__search-results episode-search"><span class="ppjs__offscreen">Search Results placeholder</span></div></div></div><div class="ppjs__list-reveal"><div class="ppjs__button"><button class="pp-prev-btn"><span class="ppjs__offscreen">Previous Episode</span><span class="btn-icon-wrap"><svg class="icon icon-pp-previous" aria-hidden="true" role="img" focusable="false"><use href="#icon-pp-previous" xlink:href="#icon-pp-previous"></use></svg></span></button></div><div class="ppjs__button"><button class="pp-list-btn"><span class="ppjs__offscreen">Show Episodes List</span><span class="btn-icon-wrap"><svg class="icon icon-pp-show-list" aria-hidden="true" role="img" focusable="false"><use href="#icon-pp-show-list" xlink:href="#icon-pp-show-list"></use></svg><svg class="icon icon-pp-hide-list" aria-hidden="true" role="img" focusable="false"><use href="#icon-pp-hide-list" xlink:href="#icon-pp-hide-list"></use></svg></span></button></div><div class="ppjs__button"><button class="pp-next-btn"><span class="ppjs__offscreen">Next Episode</span><span class="btn-icon-wrap"><svg class="icon icon-pp-next" aria-hidden="true" role="img" focusable="false"><use href="#icon-pp-next" xlink:href="#icon-pp-next"></use></svg></span></button></div></div></div></div><div class="pod-content__launcher pod-launch"><button class="pod-launch__button pod-launch__info pod-button" aria-expanded="false"><span class="ppjs__offscreen">Show Podcast Information</span><span class="btn-icon-wrap"><svg class="icon icon-pp-podcast" aria-hidden="true" role="img" focusable="false"><use href="#icon-pp-podcast" xlink:href="#icon-pp-podcast"></use></svg><svg class="icon icon-pp-x" aria-hidden="true" role="img" focusable="false"><use href="#icon-pp-x" xlink:href="#icon-pp-x"></use></svg></span></button></div></div>
